e prime factors of 16818530.
2, 5, 1681853
List the prime factors of 612098.
2, 306049
List the prime factors of 3826282.
2, 53, 36097
List the prime factors of 172748.
2, 19, 2273
List the prime factors of 284030.
2, 5, 28403
List the prime factors of 471184.
2, 7, 601
List the prime factors of 13164344.
2, 1645543
List the prime factors of 5197294.
2, 83, 131, 239
List the prime factors of 6209594.
2, 3104797
What are the prime factors of 3756882?
2, 3, 626147
What are the prime factors of 754093?
754093
List the prime factors of 3643370.
2, 5, 364337
List the prime factors of 2392974.
2, 3, 19, 6997
List the prime factors of 7762677.
3, 13, 61, 251
List the prime factors of 607668.
2, 3, 79, 641
What are the prime factors of 2959996?
2, 13, 56923
What are the prime factors of 459212?
2, 13, 8831
What are the prime factors of 1953538?
2, 17, 57457
What are the prime factors of 451781?
11, 67, 613
What are the prime factors of 129066?
2, 3, 7, 439
What are the prime factors of 184832?
2, 19
List the prime factors of 5333255.
5, 1066651
What are the prime factors of 1841879?
13, 19, 7457
List the prime factors of 5984540.
2, 5, 73, 4099
List the prime factors of 307031.
307031
What are the prime factors of 8332353?
3, 521, 1777
What are the prime factors of 13752?
2, 3, 191
List the prime factors of 1898865.
3, 5, 42197
List the prime factors of 1306601.
1306601
List the prime factors of 667148.
2, 17, 9811
What are the prime factors of 2121862?
2, 47, 22573
List the prime factors of 110311.
110311
List the prime factors of 7562594.
2, 13, 290869
List the prime factors of 10882196.
2, 13, 59, 3547
List the prime factors of 724147.
19, 38113
List the prime factors of 239782.
2, 119891
List the prime factors of 14819810.
2, 5, 19, 77999
List the prime factors of 13313390.
2, 5, 1331339
What are the prime factors of 1092569?
23, 67, 709
What are the prime factors of 4880302?
2, 7, 19, 2621
List the prime factors of 7738915.
5, 727, 2129
What are the prime factors of 839743?
19, 193, 229
What are the prime factors of 373154?
2, 43, 4339
What are the prime factors of 6061529?
6061529
List the prime factors of 68054.
2, 7, 4861
What are the prime factors of 964505?
5, 23, 8387
List the prime factors of 8132408.
2, 269, 3779
List the prime factors of 799231.
131, 6101
List the prime factors of 2075392.
2, 11, 67
What are the prime factors of 3297790?
2, 5, 329779
What are the prime factors of 124465?
5, 11, 31, 73
What are the prime factors of 970803?
3, 107867
What are the prime factors of 6141761?
6141761
What are the prime factors of 2706229?
317, 8537
List the prime factors of 1061652.
2, 3, 88471
What are the prime factors of 451311?
3, 7, 21491
What are the prime factors of 1044046?
2, 73, 7151
What are the prime factors of 655701?
3, 127, 1721
What are the prime factors of 23287761?
3, 7, 369647
List the prime factors of 2191233.
3, 11, 23, 2887
List the prime factors of 491139.
3, 11, 41
List the prime factors of 1290283.
17, 71, 1069
What are the prime factors of 2219561?
19, 116819
List the prime factors of 417540.
2, 3, 5, 6959
What are the prime factors of 1272539?
1272539
List the prime factors of 7235092.
2, 1808773
List the prime factors of 767914.
2, 7, 54851
What are the prime factors of 24556014?
2, 3, 7, 167, 389
List the prime factors of 2879444.
2, 61, 11801
List the prime factors of 14976826.
2, 19, 73, 5399
What are the prime factors of 2973801?
3, 37, 73, 367
List the prime factors of 4170122.
2, 11, 37, 47, 109
List the prime factors of 224421.
3, 239, 313
What are the prime factors of 2764432?
2, 11, 113, 139
List the prime factors of 22774443.
3, 7591481
List the prime factors of 276704.
2, 8647
What are the prime factors of 598636?
2, 103, 1453
List the prime factors of 4876555.
5, 229, 4259
What are the prime factors of 3459829?
3459829
List the prime factors of 134740.
2, 5, 6737
List the prime factors of 832475.
5, 7, 67, 71
What are the prime factors of 139017?
3, 149, 311
List the prime factors of 5946338.
2, 1171, 2539
What are the prime factors of 141657?
3, 23, 2053
List the prime factors of 10117728.
2, 3, 19, 43
List the prime factors of 5883403.
5883403
List the prime factors of 136978.
2, 68489
What are the prime factors of 18955667?
827, 22921
List the prime factors of 5527130.
2, 5, 7, 23, 3433
List the prime factors of 14796268.
2, 23, 160829
What are the prime factors of 1745554?
2, 419, 2083
What are the prime factors of 30827821?
53, 581657
What are the prime factors of 49913?
19, 37, 71
List the prime factors of 22690236.
2, 3, 23, 229, 359
What are the prime factors of 140090?
2, 5, 14009
List the prime factors of 5689943.
7, 812849
List the prime factors of 24828331.
11, 2257121
List the prime factors of 41366505.
3, 5, 2757767
List the prime factors of 902878.
2, 451439
What are the prime factors of 721621?
721621
List the prime factors of 1912502.
2, 19, 50329
What are the prime factors of 798789?
3, 149, 1787
List the prime factors of 2127731.
73, 29147
What are the prime factors of 7242039?
3, 7, 139, 827
What are the prime factors of 1131097?
11, 31, 107
List the prime factors of 329354.
2, 164677
List the prime factors of 2020773.
3, 17, 39623
What are the prime factors of 22245?
3, 5, 1483
List the prime factors of 9373042.
2, 7, 19, 167, 211
What are the prime factors of 3400942?
2, 1700471
What are the prime factors of 1915722?
2, 3, 71, 1499
List the prime factors of 423314.
2, 211657
What are the prime factors of 64331?
23, 2797
List the prime factors of 212222.
2, 29, 3659
What are the prime factors of 1176243?
3, 23, 17047
What are the prime factors of 8858872?
2, 11, 100669
List the prime factors of 194724.
2, 3, 601
List the prime factors of 1208293.
103, 11731
What are the prime factors of 107585?
5, 21517
What are the prime factors of 1955532?
2, 3, 107, 1523
List the prime factors of 9398537.
191, 49207
List the prime factors of 123588.
2, 3, 3433
What are the prime factors of 568052?
2, 29, 59, 83
What are the prime factors of 2765698?
2, 13, 106373
What are the prime factors of 1500843?
3, 211, 2371
What are the prime factors of 2383218?
2, 3, 31, 4271
List the prime factors of 4421657.
1747, 2531
What are the prime factors of 1636866?
2, 3, 7, 11, 1181
List the prime factors of 1142820.
2, 3, 5, 7, 907
List the prime factors of 256464.
2, 3, 13, 137
List the prime factors of 1942195.
5, 311, 1249
What are the prime factors of 1973253?
3, 131, 5021
What are the prime factors of 358182?
2, 3, 11, 67
What are the prime factors of 1665191?
11, 151381
List the prime factors of 1628505.
3, 5, 4021
What are the prime factors of 26764928?
2, 211, 991
List the prime factors of 365179.
365179
What are the prime factors of 77988?
2, 3, 67, 97
What are the prime factors of 162404?
2, 11, 3691
What are the prime factors of 44903?
83, 541
List the prime factors of 16578402.
2, 3, 389, 7103
List the prime factors of 4559830.
2, 5, 11, 41453
What are the prime factors of 35579332?
2, 2423, 3671
What are the prime factors of 23236938?
2, 3, 197, 6553
List the prime factors of 4623176.
2, 577897
List the prime factors of 31914535.
5, 37, 167, 1033
List the prime factors of 29012651.
29012651
What are the prime factors of 3084299?
383, 8053
What are the prime factors of 3601551?
3, 43, 27919
List the prime factors of 69332.
2, 17333
List the prime factors of 10806412.
2, 23, 5107
List the prime factors of 23585710.
2, 5, 2358571
List the prime factors of 15252410.
2, 5, 41, 37201
What are the prime factors of 526800?
2, 3, 5, 439
What are the prime factors of 452579?
452579
What are the prime factors of 1344290?
2, 5, 179, 751
List the prime factors of 472148.
2, 118037
List the prime factors of 7517237.
7, 13, 11801
List the prime factors of 83186.
2, 41593
What are the prime factors of 16333871?
107, 293, 521
List the prime factors of 8315884.
2, 2078971
What are the prime factors of 681558?
2, 3, 29, 3917
What are the prime factors of 3583399?
479, 7481
List the prime factors of 4870870.
2, 5, 103, 4729
List the prime factors of 1227750.
2, 3, 5, 1637
What are the prime factors of 28671091?
28671091
List the prime factors of 1921533.
3, 83, 7717
What are the prime factors of 433387?
47, 9221
